he units digit of d?
4
Let o(j) = j**3 + 9*j**2 + 14*j - 5. Let a be o(-7). Let f(d) = -7*d + 7. Let r be f(a). Let k = -36 + r. What is the units digit of k?
6
Let t(l) = -108*l - 78. Suppose -8*p = -15*p - 42. What is the tens digit of t(p)?
7
Let a = 21558 - 9987. What is the ten thousands digit of a?
1
Suppose -36 = -3*c - c. Let u be 68/(-6) + (-6)/c. What is the units digit of u/4 + 0 + 71 + -2?
6
Suppose 4*l - 3*l = 32. Let p(w) = 2*w**2 - 108*w - 298. Let s be p(57). Let d = s - l. What is the tens digit of d?
1
Let p = 258 - 255. Suppose 3*q + 2*g = 2542, 2*q + p*g + 1673 = 4*q. What is the tens digit of q?
4
Suppose 142854 = -991*d + 996*d + 8*i, -2*i - 57126 = -2*d. What is the units digit of d?
6
Suppose 2*y = -4*t + 18110, 0 = -2*t + 5*t - 2*t. What is the thousands digit of y?
9
Let x be (-1 - (-36)/20)*(-15)/2. Let o be 20/7 + x/(-42). Suppose 0 = 2*m - 0*m - o*f - 97, 4*m + 5*f = 205. What is the units digit of m?
0
Suppose 0*u - 168888 + 750543 = 15*l - u, -4*u = 0. What is the ten thousands digit of l?
3
Let p(w) = 8*w + 30. Let c be p(0). Suppose -12*j + c = -11*j. What is the units digit of j?
0
Let q = -144 + 146. Suppose 3*s - 319 = -q*v, -s - 663 = -4*v - 2*s. What is the hundreds digit of v?
1
Let m = -48 + 49. Let k be 3 + -6 + (4 - 1/m). Suppose k = -5*f + 217 + 323. What is the units digit of f?
8
Let i = -11978 - -18266. What is the thousands digit of i?
6
Suppose 3*a - 36 = -3*g, 0 = -5*g - 3*a + 67 - 5. Suppose g*y - 5*y - 2936 = 0. What is the hundreds digit of y?
3
Let z(l) = 10*l**3 - 44*l**2 - 3*l + 44. Let g(m) = m**3 + 2*m**2 - 2*m - 1. Let d(t) = 6*g(t) - z(t). What is the tens digit of d(12)?
9
Let p be 8/20 + 2/(-5). Suppose p*x - 6*x = -96. Let m(k) = k**2 - 12*k - 36. What is the units digit of m(x)?
8
Let u(j) = -j**3 + 15*j**2 + 16*j - 11. Let h be u(13). Let m = -277 + h. Suppose -5*l + 669 = 4*z, -m = 2*l - 4*l - 4*z. What is the units digit of l?
7
Let y(t) = 0*t**2 - 54 + 325*t - 335*t + 6*t**2. What is the units digit of y(9)?
2
Let p(n) = -n**2 - 5*n + 13. Let l = -91 + 85. Let b be p(l). What is the hundreds digit of 4 + b/(21/666)?
2
Let g(t) = -197*t**2 + 16*t + 27. Let o be g(-3). Let r = o - -2681. What is the tens digit of r?
8
Let b(d) = -28*d**2 + 3905*d - 277. What is the ten thousands digit of b(118)?
7
Let k(j) = -1050*j + 1468. What is the thousands digit of k(-8)?
9
Let d(t) = -65*t - 40 + 3*t - 22 - 132*t. What is the tens digit of d(-5)?
0
Suppose -2*h = 5*o - 52, 2*h + 5*o + 41 = 3*h. Suppose h*d = 37*d - 3054. What is the hundreds digit of d?
5
Suppose -67103 = -3*o + 4*r, -550*o = -555*o + 3*r + 111853. What is the units digit of o?
3
Let t(j) = -j**2 + 16*j + 60. Let h be t(14). Suppose -8 = -2*w, w - h = -5*l + 16. What is the units digit of l?
0
Suppose 3*p = -3*t + 16599, 0 = -t + 13*p + 5213 + 404. What is the hundreds digit of t?
5
Suppose -5*d - 3*a + 2 = 0, -5*a + 4*a - 2 = -d. Let f be (-24)/8 - (d - 5). What is the units digit of f*238/2 + 3?
2
Let k(t) = 98*t**2 + 225*t + 10. What is the thousands digit of k(6)?
4
Let o be 2/4 - 0 - 6/12. Suppose 19 = 2*x + j, -4*j + 28 = -o*x + 4*x. Let l(i) = i**2 - 10*i + 5. What is the units digit of l(x)?
9
Suppose 5*c - c - 10 = -2*f, -3*c = 0. Let g(w) = -3*w + 19. Let x be g(f). Suppose -4*b = -r - r - 234, -4*b + x*r = -232. What is the units digit of b?
9
Let h(q) = -31*q**2 + 9*q + 19. Let a be h(-5). Let w = -511 - a. What is the units digit of w?
0
Let c(f) = 648*f + 4487. What is the tens digit of c(2)?
8
Let s(j) = 25*j - 43. Let p be s(16). Suppose p = q - 3*u, -u + 2 = -3. What is the units digit of q?
2
Let r(x) = -x**2 + 13*x - 29. Let n be r(11). Let p be -8*n/112*(-8 - 0). What is the tens digit of (-588)/(-16) + p/(-16)?
3
Let f(q) = q**2 + 11*q + 12. Let z be f(-11). Suppose -8*s + 2280 = z*s. What is the units digit of s?
4
What is the hundreds digit of ((-2)/4)/(139806/(-244636) - 72/(-126))?
7
Suppose 66*s - 170 = 49*s. Suppose -s*k + 469 = -991. What is the tens digit of k?
4
Suppose -128*w + 1632 = -132*w. Let i = w - -627. What is the hundreds digit of i?
2
What is the hundreds digit of 14/(882/3512 + 4/112*-7)?
2
Let x(p) be the third derivative of -p**6/120 + 11*p**5/60 + p**4/3 - p**3 - p**2 + 26. What is the hundreds digit of x(-6)?
5
Let j be -1 + 1271 - 3/(-6)*-4. Suppose 4*a - 5*f + 4*f - j = 0, 2*f - 317 = -a. What is the hundreds digit of a?
3
Let i = 187 - 488. Let l = 918 + i. What is the units digit of l?
7
Suppose -3*w = -w - 10. Suppose -3*d = 3*o - 876, 5*o - w*d - 1410 = -0*o. Suppose -2*a - 5*a = -o. What is the tens digit of a?
4
Let z be (-175)/30 + -1 - (-1)/(-6). Let b(u) = 3*u**2 + 5*u + 16. What is the hundreds digit of b(z)?
1
Let m(k) = -333*k + 1. Let r(j) = 167*j - 1. Let i(s) = 2*m(s) + 5*r(s). Suppose -1 + 6 = 5*a. What is the hundreds digit of i(a)?
1
Let k(z) = 20*z**3 + 18*z**2 - 30*z + 4. What is the tens digit of k(11)?
7
Let d(r) = r**2 - 3*r + 374. Let p be d(0). Suppose 5*x - 1636 = p. Suppose -11*q - x = -17*q. What is the units digit of q?
7
Let l = -9171 - -58845. What is the units digit of l?
4
What is the tens digit of -7 - ((-2)/(-27) + 999888/(-324))?
7
Let v(f) = 0*f**2 - 16 - 17*f**2 - 32*f + 26*f + f**2 - 2*f**3. What is the tens digit of v(-8)?
3
Let v(m) = 10*m + 133. Let t be v(-13). Suppose 0 = -6*j + t*j + 3171. What is the hundreds digit of j?
0
Let h be (6*-3)/(1 + -1 + 1). What is the units digit of (-222)/h*(14/2 - -2)?
1
What is the units digit of (-753750)/(-60) + (-56)/16?
9
Let x(h) = h**2 + 9*h + 30. Suppose 112 + 103 = -5*p. Let j = -50 - p. What is the units digit of x(j)?
6
Suppose 4*v = h - 6, 0 = -3*v + v - 2. Suppose -10*g = -6*g + 4*k - 3388, 0 = -3*g + h*k + 2566. What is the tens digit of g?
5
Let j be (0 - 6/8)/((-16)/64). Suppose -18 = 2*h + q, 4*q = h + j*h + 24. What is the units digit of (-682)/h + 3/(-12)?
5
Suppose 2*a = -989 + 405. Let m = a - -570. What is the tens digit of m?
7
Suppose 4*b = 4*c - 323084, 2*c - 161551 = 15*b - 12*b. What is the units digit of c?
2
Suppose -3*j - 27 = -6*j. Suppose z + 3 = c, 7*z + c = j*z + 4. What is the tens digit of (-795)/(-12) - z/(-4)?
6
Let c = 18229 + -11812. What is the thousands digit of c?
6
Let v(p) = -30*p**2 + 11*p + 25. Let k be v(-4). Let n = 548 + k. What is the tens digit of n?
4
Let f(c) = 2 - 5 - 2 - 297*c - 1853*c. Let p be f(2). What is the hundreds digit of -2 + p/(-20) + 12/16?
2
Suppose -10258*u - 313720 = -10278*u. What is the thousands digit of u?
5
What is the hundreds digit of (-69977)/(-13) - (-94)/611?
3
Let t(r) = 51*r**2 + 24*r + 23. What is the tens digit of t(-17)?
5
Suppose 10*j - 8*j = 18. Let f be 0*(1 + j/(-6)). Suppose -5*x + 253 = 4*g - f*g, -43 = -x + 3*g. What is the units digit of x?
9
Suppose 19*i - 11*i = 32. Suppose -9*d + i*j = -6*d - 532, -d = -5*j - 192. What is the tens digit of d?
7
Let g be (-13)/6 - -2 - 2794/(-132). Suppose -6*w + 21*w = 1920. Let d = w - g. What is the tens digit of d?
0
Suppose 0 = 6*u + 47*w - 42*w - 74549, -u - 3*w + 12427 = 0. What is the thousands digit of u?
2
Let g(x) = -x**3 + 5*x**2 + 7*x - 8. Let y be g(6). Let d be (5 + y)*1/3. What is the units digit of (3 + 0)*(d - 0)?
3
What is the thousands digit of ((-10)/6 - 1)/((-24)/(-6352308)*-37)?
9
Let c be 2/(-4)*3*(-464)/12. Let g = c + -63. What is the units digit of (-2080)/(-25) - (-1)/g?
3
Suppose -16*x = 39*x - 195195. Suppose 0 = 7*l - 161 - x. What is the units digit of l?
0
Suppose 2*y + 3*l = 9645, 2*l = -4*y + 1752 + 17558. Suppose 3*b - y = -12*b. What is the hundreds digit of b?
3
Suppose 357*a = 266*a + 443807. What is the thousands digit of a?
4
Suppose 18832 - 1680 = 32*o. Suppose -3*w + o = -1792. What is the units digit of w?
6
Let n = -117 - -154. Let v = n + -34. Suppose 0 = k + 5*u - 169 - 56, 619 = v*k + u. What is the units digit of k?
5
Let s(o) = 38 - 121 - 23 + 16*o. What is the units digit of s(10)?
4
Suppose 255*d + 36830 - 2554190 = 0. What is the thousands digit of d?
9
Suppose -45*y + 1542940 = 128*y + 41*y. What is the thousands digit of y?
7
Suppose 158*h = 160*h - 21366. What is the hundreds digit of (-4)/6 - (4 - h/27)?
3
Let q = 11022 + -10827. Let v(d) = -3*d - 2. Let m be v(-3). Let l = q - m. What is the hundreds digit of 